et b(n) = -6*p(n) + s(n). What is the tens digit of b(6)?
5
Suppose c - 4*c = -5*q - 17, 5*c - 19 = -q. What is the tens digit of -4 - -4 - q - (-4 + -185)?
9
Let c(s) = -7 - 17 + 3 - 3 - 34*s. What is the tens digit of c(-6)?
8
Let r = 39 - -4. Suppose -253 = -7*d - r. What is the tens digit of d?
3
Suppose 2*a - 156 = 2*q, 5*a = q - 0*q + 410. Suppose -2*m = 5*l - a, -m = -0*m - l - 52. What is the units digit of m?
9
Let n(h) = -22*h - 47. What is the tens digit of n(-6)?
8
Let o(p) = p**2 + 12. What is the tens digit of o(6)?
4
Suppose 0 = -8*u - 28 - 4. Let p(r) = -r**3 + 6*r**2 + 3*r - 9. Let k be p(6). Let m = k - u. What is the tens digit of m?
1
What is the units digit of (-1 + -71)/8 - -678?
9
Let j(b) = 4*b**2 - b + 13. Let z(a) = 7*a**2 - 3*a + 25. Let k(s) = 11*j(s) - 6*z(s). What is the hundreds digit of k(-11)?
1
Let g(q) = 97*q - 483. What is the thousands digit of g(54)?
4
Let x be -52 + 40/15*(-3)/2. Let m = 103 - x. What is the units digit of m?
9
What is the units digit of 8148/60 - (4/5 - 2)?
7
Suppose d - 47 = -3*v, 2*d = 4*d + 8. Let p(l) = -l**3 + 17*l**2 + 4*l + 3. What is the units digit of p(v)?
1
Let b = 5 - 0. Suppose z + 3*k = 6*k + 15, b*z + 5*k = 55. What is the tens digit of z?
1
Let t = -2307 - -4982. What is the thousands digit of t?
2
Let i = -2830 + 4176. What is the thousands digit of i?
1
Let n = 9131 - 5371. What is the units digit of (4/(-10))/((-16)/n)?
4
Let m be 21/(-14)*(-4)/6. Let d be m/1 - (-10 + -3). Let b = 7 + d. What is the tens digit of b?
2
Let z(a) = a**2 - 4*a + 44. Let n be 24/(-56) + 261/21. What is the tens digit of z(n)?
4
Let b(h) = h**3 + 7*h**2 - 30*h - 107. Let n be b(-9). Let o(p) = p + 0*p + 4*p**2 + 5*p**2. What is the tens digit of o(n)?
1
Suppose -1171 = -3*h - 391. Suppose -4*b - 3*d = -173 - 86, 0 = -4*b - 4*d + h. What is the units digit of b?
4
Let q(n) = 6*n + 1. Let z = -17 - -8. Let w be (-4)/(12/z)*1. What is the tens digit of q(w)?
1
Let n(z) be the second derivative of z**5/20 - 7*z**4/6 + 13*z**3/6 + 19*z**2/2 + 7*z. What is the tens digit of n(13)?
1
Suppose 3*p + 3*c - 1392 = -2*c, -4*c = -2*p + 928. Let w = p + -302. What is the tens digit of w?
6
Let m = 137 - 48. Suppose 16 = i - m. What is the tens digit of i?
0
Suppose 0 = 3*f + 2*m + 104 + 37, -2*f = m + 95. Let u = 51 - 123. Let v = f - u. What is the tens digit of v?
2
Let y = -24 + 27. What is the tens digit of y/(-2) + (-345)/(-10)?
3
Suppose -8*i + 41 - 9 = 0. Let j(p) = 3*p**3 + 8*p**2 - 14*p - 2. What is the hundreds digit of j(i)?
2
Suppose -25*f + 28*f = 1014. What is the units digit of f?
8
Let m be 0 - 0 - 0/(-1). Suppose 11*j - 3*f - 7 = 12*j, -5*j = 5*f + 5. Suppose 5*n - j*n + w - 130 = m, 0 = -4*n + 5*w + 205. What is the tens digit of n?
4
Suppose 3*s + 108 = -5*f, -5*s + f = -0*f + 152. Let y be 38/(-2)*3/3. Let u = y - s. What is the units digit of u?
2
Suppose 3*f - 5 = -z, 0 = -3*f + 5*z - 0*z - 25. Suppose -2*q - 4*r + 182 = f, 3*q + 2*r = -r + 267. What is the tens digit of q?
8
Suppose a - 6*a = -t + 63, 2*t = -2*a - 30. What is the tens digit of -2 + (-3 + -4)*a?
8
Suppose 4*j + 1260 = t, -t + 640 = 3*j - 627. What is the tens digit of t?
6
Let x(r) = 3*r**3 - 5*r**2 + 12*r**2 - 2*r**3 + 6*r + 4. Let i be x(-6). What is the units digit of (i/(-6))/((-1)/36)?
4
Let n be (-2)/(-6) + (-1)/3. Let s = 1468 + -1467. Suppose -2*c + c + 3*l - 1 = 0, l - s = n. What is the units digit of c?
2
Let o(k) = -k**2 + 6*k + 223. Let h = 106 - 106. What is the units digit of o(h)?
3
Let a = 19 - 13. Suppose -i + a*i = 25. Suppose r = 4*d - 66, -r = -i*d - 4*r + 91. What is the units digit of d?
7
Let n = 212 + -148. What is the tens digit of n?
6
Let t(z) be the second derivative of -25*z**3/3 - 7*z**2/2 - 4*z. What is the tens digit of t(-2)?
9
What is the tens digit of (5/15)/(7/12663)?
0
Let v = -18 - -43. Suppose -2*x + 3*r - 11 = 0, r + v = 6*r. Suppose 0 - 2 = -x*u. What is the units digit of u?
1
Let z be 2/(-7) - 228/84. Let a(m) = m**3 + 5*m**2 + 5*m + 1. Let w be a(z). Suppose 0 = w*x - 3*r + 18 - 61, -x = 5*r - 5. What is the units digit of x?
0
Suppose 2*a = 7*a. Suppose a*o + o + 3*s = 51, 2*o = s + 81. Suppose 5*j = -5*h + 210, h + j - 2*j - o = 0. What is the tens digit of h?
4
Let b = 229 - -24. What is the tens digit of b?
5
Let c(g) = -g**3 + 7*g**2 - 5*g - 3. Let j be c(6). Suppose 8*r = 3*r + 525. Suppose 4*x - x - j*n - r = 0, 3*n = 5*x - 183. What is the tens digit of x?
3
Let k be (-2)/7 - 674/(-7). Let m be ((-86)/2)/(5/(-5 - 0)). Let w = k - m. What is the tens digit of w?
5
Let o = -8069 + 11500. What is the hundreds digit of o?
4
Suppose -31*p + 3636 = -13*p. What is the units digit of p?
2
Let x be (-13)/(-39) + (-1246)/(-6). Suppose 0 = 54*z - 50*z - x. What is the tens digit of z?
5
Let f(t) = t**2 + t + 10. Let u be f(-7). Suppose 0 = r - 5*r - u. Let p = r + 38. What is the tens digit of p?
2
Let h = 38 + -18. Let v = 118 + -136. Let k = h + v. What is the units digit of k?
2
Suppose 4*v - 122 = -2*f, -36 + 11 = -5*f. What is the units digit of 1*12/v - 102/(-7)?
5
Let z = 128 + 30. Suppose j - 2*j - 5*p + 47 = 0, -3*j = -2*p - z. What is the units digit of j?
2
Let n(b) = -7*b - 1. Let f be n(-3). Let o = f - 2. What is the tens digit of o?
1
Suppose -1054 - 112610 = -32*s. What is the tens digit of s?
5
Suppose 3*q - 7 = -1. Suppose q*o = o + 29. What is the units digit of o?
9
Let d = -619 + 1353. What is the tens digit of d?
3
Let g(m) = 70*m - 16. What is the hundreds digit of g(3)?
1
Let l be -4*4/(-8) - -4. Let s be (2 + 76/l)*-6. What is the units digit of 16/s + (-532)/(-22)?
4
Suppose -42*y = -30*y - 16332. What is the tens digit of y?
6
Suppose 130 = -5*h + 3*h + 4*p, -3*h - 159 = 3*p. Let y(r) = -r**2 - 20*r - 5. Let v be y(-8). Let n = h + v. What is the tens digit of n?
3
Suppose 4*c + 4*d + 12 = -8, -5*c = 4*d + 20. Let g(l) = -2*l + 101. What is the hundreds digit of g(c)?
1
Suppose -12*h + 19*h = 3598. Suppose -3*f - h = -4*q, -5*f - 16 + 6 = 0. What is the units digit of q?
7
Let f(d) = d**3 - 2*d**2 - 3*d - 2. Let r be (10/(-6))/(6/(-18)). What is the tens digit of f(r)?
5
Let p = -182 + 1341. Suppose -5*x = 4*a - p, 2*a = -3*x + 4*a + 691. What is the tens digit of x?
3
What is the tens digit of (-7)/((-21)/(-9)) - -504?
0
Let p be -4 + 0/(-3) - -100. Suppose 4*k = -2*k + p. What is the tens digit of k?
1
Let a = -5665 - -9273. What is the hundreds digit of a?
6
Suppose 25*m - 13356 = -11*m. What is the hundreds digit of m?
3
Suppose 32*n = -28*n + 157200. What is the thousands digit of n?
2
Suppose 14 = -4*i + 34. Suppose -i*y + 4*j = -315, -j + 3 = -2. What is the tens digit of y?
6
Let w = -12 - -7. Let m = w - 5. What is the units digit of ((-40)/(-6))/(m/(-30))?
0
Suppose 2*q - 4*g - 23 - 7 = 0, -4*q + g = -74. Suppose q*h - 114 = 16*h. What is the tens digit of h?
3
Suppose 6 = -r + 3*f - 4, -5*f = -5*r - 30. What is the units digit of 4 - (r - -29)*-1?
9
Suppose -t = 2*t. Let v be t - -1 - (-29 - -3). What is the units digit of ((-148)/6)/((-18)/v)?
7
Let k = 219 - 316. Let d = k - -119. What is the units digit of d?
2
Let p be (-2)/4 + (-11)/(-2). Suppose -8*s + p*m = -3*s - 140, 5*m = 4*s - 111. Let x = 17 + s. What is the tens digit of x?
4
Let h = 5 + -5. Suppose -385 = -3*u + 5*n, 2*n - 11 + 15 = h. What is the tens digit of u?
2
Suppose 0 = 5*k + 5*z + 535, -5*z = -4*k + 5*k + 123. Let g = k + 238. What is the tens digit of g?
3
Suppose 2*c + 2*p - 887 = -343, -2*c - 4*p + 542 = 0. What is the tens digit of c?
7
Suppose 8 = -i + 112. Suppose -x = -5*x + i. What is the units digit of x?
6
Suppose 7*f + 14 = 21*f. What is the units digit of f?
1
Let z(x) = -2*x**2 - 42*x - 24. What is the units digit of z(-17)?
2
Let h(r) be the first derivative of r**5/20 + r**4/3 + r**2 + r - 2. Let u(x) be the first derivative of h(x). What is the units digit of u(-2)?
0
Let r = 0 + 5. Let g(s) = -2*s**2 + 15*s - 15. Let d be g(6). Suppose -r = q - d*l + 7*l, -3*l = q + 2. What is the units digit of q?
7
Let w(d) be the first derivative of 2*d**3/3 + 2*d**2 + 5*d + 1. Suppose v + 2*h = -4, -2*v + 6*h = 8*h + 8. What is the units digit of w(v)?
1
Let n(t) = 6*t - 8*t - 3*t. Let v be n(-2). Suppose k - 5*o - v = 8, -12 = -k - o. What is the tens dig